of 581?
True
Does 844 divide 550283765?
False
Is 25 a factor of 284495150?
True
Does 3847 divide 185267673?
True
Is 199 a factor of 4992538?
False
Does 20 divide 384532791?
False
Is 80879214 a multiple of 26?
True
Is 51026009 a multiple of 46?
False
Is 901 a factor of 57034257?
False
Is 296 a factor of 876481194?
False
Is 131 a factor of 132909456?
True
Is 3252511608 a multiple of 2481?
True
Does 30 divide 208190051?
False
Is 831718043 a multiple of 113?
False
Is 26375946 a multiple of 946?
False
Is 437326434 a multiple of 117?
False
Is 535255936 a multiple of 568?
True
Does 74 divide 120488132?
True
Is 4 a factor of 2087968?
True
Is 12621938 a multiple of 342?
False
Does 111 divide 3119617207?
False
Is 4215676 a multiple of 31?
False
Does 1789 divide 327912966?
True
Is 13085989 a multiple of 203?
True
Is 59 a factor of 110299168?
False
Does 331 divide 17152089?
True
Does 265 divide 40105398?
False
Does 36 divide 89647563?
False
Is 3803 a factor of 965549405?
False
Does 16 divide 270410400?
True
Does 6 divide 3319128966?
True
Is 5133352 a multiple of 2957?
True
Is 286 a factor of 282590380?
False
Is 19250122 a multiple of 373?
False
Does 51 divide 6488322?
True
Is 40819104 a multiple of 271?
True
Is 494784864 a multiple of 36?
True
Is 22 a factor of 224842002?
True
Is 31728981 a multiple of 478?
False
Does 11 divide 71551399?
False
Does 33 divide 119482077?
True
Does 730 divide 66103959?
False
Is 110217754 a multiple of 562?
True
Is 44090537 a multiple of 16?
False
Is 5582083 a multiple of 111?
False
Is 18 a factor of 52181712?
True
Is 701 a factor of 14024907?
True
Is 15776945 a multiple of 180?
False
Is 446883 a multiple of 9?
False
Is 245579188 a multiple of 23?
True
Is 7 a factor of 61975427?
False
Is 2616 a factor of 355710057?
False
Does 43 divide 184729893?
False
Does 25 divide 10766225?
True
Is 364 a factor of 105416948?
True
Is 3268860894 a multiple of 585?
False
Is 82484161 a multiple of 4?
False
Does 120 divide 23431760?
False
Does 185 divide 93372275?
True
Is 4254585080 a multiple of 1426?
True
Does 9 divide 6490476?
True
Is 91 a factor of 112899438?
False
Does 363 divide 11683309?
False
Is 674189900 a multiple of 7478?
False
Does 31 divide 3240775?
False
Does 61 divide 930343879?
True
Does 137 divide 152771988?
True
Is 592638750 a multiple of 1250?
True
Does 218 divide 17775293?
False
Is 423119341 a multiple of 323?
True
Is 8 a factor of 16430760?
True
Is 82469 a multiple of 1731?
False
Does 789 divide 57845535?
True
Does 6 divide 18852702?
True
Is 204365172 a multiple of 44?
True
Does 18 divide 349535452?
False
Is 3134909918 a multiple of 13021?
True
Is 2557 a factor of 53210413?
False
Is 74177870 a multiple of 284?
False
Is 837479702 a multiple of 394?
True
Is 36 a factor of 36588378?
False
Does 8 divide 19489456?
True
Is 416 a factor of 122053602?
False
Is 23 a factor of 314046267?
False
Is 1093 a factor of 24372539?
False
Is 16990325 a multiple of 1568?
False
Is 56329752 a multiple of 10?
False
Does 22 divide 354722192?
True
Is 224040970 a multiple of 6266?
False
Does 453 divide 984359982?
False
Is 595276110 a multiple of 90?
True
Does 67 divide 239630391?
True
Is 8 a factor of 1108347840?
True
Is 586859229 a multiple of 33?
True
Is 101570010 a multiple of 108?
False
Is 416 a factor of 167731200?
True
Is 919990748 a multiple of 4204?
True
Does 27 divide 63004338?
True
Is 970 a factor of 17391130?
True
Is 7 a factor of 42801442?
False
Is 35 a factor of 135396498?
False
Is 73266513 a multiple of 22?
False
Is 65 a factor of 591370952?
False
Is 128690648 a multiple of 2239?
False
Does 218 divide 56040808?
False
Does 10 divide 27391358?
False
Is 22 a factor of 37139586?
True
Is 215 a factor of 51362759?
False
Is 4405416723 a multiple of 16?
False
Is 144 a factor of 750234573?
False
Is 146 a factor of 8951036?
False
Is 191535659 a multiple of 818?
False
Is 448 a factor of 57944768?
True
Is 145084500 a multiple of 45?
True
Is 50546666 a multiple of 213?
False
Is 347 a factor of 6113176381?
True
Does 653 divide 707846161?
False
Is 2164078926 a multiple of 5094?
True
Is 229 a factor of 26230576?
True
Is 51 a factor of 20043000?
True
Is 1712714639 a multiple of 573?
False
Is 1687576550 a multiple of 10?
True
Is 75786090 a multiple of 705?
True
Is 25 a factor of 1651989250?
True
Is 15797820 a multiple of 281?
True
Does 496 divide 146720072?
False
Does 421 divide 10592053?
False
Is 47128917 a multiple of 121?
False
Is 288 a factor of 389649600?
True
Is 392 a factor of 273959964?
False
Is 1991564 a multiple of 22?
False
Is 1057326614 a multiple of 997?
False
Is 506 a factor of 42525670?
False
Is 997 a factor of 195387075?
True
Does 3 divide 387871?
False
Is 1551 a factor of 103279230?
False
Is 1626291 a multiple of 67?
True
Is 506 a factor of 23923137?
False
Is 12705272 a multiple of 145?
False
Is 182528703 a multiple of 67?
True
Is 77 a factor of 588011116?
True
Is 5 a factor of 81291290?
True
Is 273 a factor of 15148140?
False
Is 39501992 a multiple of 21?
False
Is 1702 a factor of 2039921888?
True
Does 99 divide 63510678?
True
Is 79499850 a multiple of 27?
False
Is 8777 a factor of 3121462726?
False
Is 17 a factor of 4632687?
True
Does 386 divide 305094?
False
Is 83 a factor of 1724132772?
True
Is 14 a factor of 27571964?
True
Does 26 divide 165803846?
True
Is 613 a factor of 48239720?
False
Is 168 a factor of 2196668208?
True
Is 19041168 a multiple of 8?
True
Does 226 divide 1150782958?
False
Is 118 a factor of 920273285?
False
Is 23341680 a multiple of 306?
True
Is 3334 a factor of 306327920?
True
Does 93 divide 40516659?
True
Does 1687 divide 120510845?
True
Is 95411275 a multiple of 3807?
False
Is 62 a factor of 2056202244?
False
Does 1831 divide 40056787?
True
Is 1762642766 a multiple of 11?
False
Does 15 divide 63011513?
False
Is 9 a factor of 909324?
True
Is 99097743 a multiple of 757?
False
Is 25 a factor of 181137360?
False
Does 44 divide 18689388?
False
Is 688435027 a multiple of 13?
False
Is 31223645 a multiple of 17?
True
Does 46 divide 100478924?
False
Does 144 divide 78708096?
True
Does 243 divide 225528889?
False
Is 166920330 a multiple of 1731?
True
Is 334256941 a multiple of 17?
True
Is 47192148 a multiple of 41?
True
Does 105 divide 203014035?
True
Is 5816540 a multiple of 5?
True
Is 2188 a factor of 1382816?
True
Does 20 divide 1262782?
False
Is 624 a factor of 1747308045?
False
Is 742 a factor of 144707808?
True
Is 116298720 a multiple of 12?
True
Is 12150349 a multiple of 362?
False
Is 100747424 a multiple of 87?
False
Is 349 a factor of 643929979?
False
Is 178 a factor of 357370422?
True
Is 11 a factor of 20022174?
False
Is 674 a factor of 908342820?
False
Is 44 a factor of 479305320?
False
Does 496 divide 2897136?
True
Does 53 divide 112129682?
False
Is 2356445 a multiple of 7?
True
Is 53560135 a multiple of 67?
True
Is 70 a factor of 9971395?
False
Is 10 a factor of 1233093583?
False
Does 75 divide 108206?
False
Is 113 a factor of 48995925?
False
Does 11 divide 17859649?
False
Is 222 a factor of 36935694?
True
Does 29 divide 47827217?
False
Is 61412195 a multiple of 1529?
False
Is 256728192 a multiple of 1043?
True
Is 5082497 a multiple of 400?
False
Is 30 a factor of 19602630?
True
Is 76296162 a multiple of 41?
True
Does 58 divide 27221249?
False
Does 15 divide 1413214177?
False
Does 182 divide 181018910?
False
Is 229 a factor of 2889222?
False
Is 4472 a factor of 417973468?
False
Is 1080440057 a multiple of 750?
False
Is 15457542 a multiple of 2431?
False
Is 289623288 a multiple of 2172?
False
Is 19 a factor of 424316854?
True
Is 1262 a factor of 34973778?
False
Is 2148 a factor of 152630210?
False
Is 271 a factor of 29526805?
True
Is 630 a factor of 320210730?
True
Is 80880185 a multiple of 112?
False
Does 108 divide 131548346?
False
Does 21 divide 11582928?
True
Is 1353 a factor of 103286667?
True
Is 13880464 a multiple of 16?
True
Is 212 a factor of 64821985?
False
Is 40947405 a multiple of 1734?
False
Is 4 a factor of 8558954?
False
Is 190320 a multiple of 6?
True
Is 323798719 a multiple of 87?
False
Is 1958 a factor of 643408590?
True
Is 1196681309 a multiple of 78?
False
Does 3600 divide 717443214?
False
Is 365224464 a multiple of 374?
True
Is 501 a factor of 382670313?
True
Does 174 divide 26438196?